{"id":7162,"date":"2024-01-09T02:57:20","date_gmt":"2024-01-09T01:57:20","guid":{"rendered":"https:\/\/agentelibredigital.com\/?page_id=7162"},"modified":"2024-01-09T03:04:00","modified_gmt":"2024-01-09T02:04:00","slug":"que-es-agente-libre-digital","status":"publish","type":"page","link":"https:\/\/agentelibredigital.com\/index.php\/que-es-agente-libre-digital\/","title":{"rendered":"\u00bfQu\u00e9 es Agente Libre Digital?"},"content":{"rendered":"<p>Bienvenidos a <strong><span style=\"color: #ff0000;\">Agente Libre Digital<\/span><\/strong>, m\u00e1s que un peri\u00f3dico deportivo, una declaraci\u00f3n de principios en el mundo del periodismo. En un panorama saturado por la velocidad de las redes sociales, nos atrevemos a desafiar la norma. No aspiramos simplemente a ser los primeros en difundir una noticia, <strong>sino a ser los mejores en ofrecer calidad y profundidad en cada uno de nuestros contenidos.<\/strong><\/p>\n<p><strong><span style=\"color: #ff0000;\">Agente Libre<\/span><\/strong> busca <strong>recuperar la esencia del buen periodismo<\/strong>, el que no solo te informa, sino que te hace disfrutar de estar inform\u00e1ndote.<\/p>\n<p>Nos desmarcamos de las cadenas del periodismo deportivo tradicional, adapt\u00e1ndonos a las necesidades del hoy. <strong>Somos juventud y frescura<\/strong>, conscientes de que podemos liderar la transformaci\u00f3n digital en los contenidos. En <strong><span style=\"color: #ff0000;\">Agente Libre<\/span><\/strong>, no solo buscamos forjar un nombre, sino crecer para dar visibilidad a cada periodista que conforma este proyecto.<\/p>\n<p>Nuestra misi\u00f3n va m\u00e1s all\u00e1 de la simple informaci\u00f3n; <strong>queremos recuperar la fe de la gente en el periodismo deportivo<\/strong>. \u00danete a nosotros en este emocionante viaje, donde la calidad y la pasi\u00f3n por el periodismo deportivo son nuestra br\u00fajula.<\/p>\n<h3>Forma parte de la nueva era del periodismo deportivo.<\/h3>\n","protected":false},"excerpt":{"rendered":"<p>Bienvenidos a Agente Libre Digital, m\u00e1s que un peri\u00f3dico deportivo, una declaraci\u00f3n de principios en el mundo del periodismo. En un panorama saturado por la velocidad de las redes sociales,&hellip; <\/p>\n","protected":false},"author":1,"featured_media":7166,"parent":0,"menu_order":0,"comment_status":"closed","ping_status":"closed","template":"","meta":{"om_disable_all_campaigns":false,"_monsterinsights_skip_tracking":false,"_monsterinsights_sitenote_active":false,"_monsterinsights_sitenote_note":"","_monsterinsights_sitenote_category":0,"_uf_show_specific_survey":0,"_uf_disable_surveys":false,"footnotes":""},"class_list":["post-7162","page","type-page","status-publish","has-post-thumbnail","hentry"],"aioseo_notices":[],"_links":{"self":[{"href":"https:\/\/agentelibredigital.com\/index.php\/wp-json\/wp\/v2\/pages\/7162","targetHints":{"allow":["GET"]}}],"collection":[{"href":"https:\/\/agentelibredigital.com\/index.php\/wp-json\/wp\/v2\/pages"}],"about":[{"href":"https:\/\/agentelibredigital.com\/index.php\/wp-json\/wp\/v2\/types\/page"}],"author":[{"embeddable":true,"href":"https:\/\/agentelibredigital.com\/index.php\/wp-json\/wp\/v2\/users\/1"}],"replies":[{"embeddable":true,"href":"https:\/\/agentelibredigital.com\/index.php\/wp-json\/wp\/v2\/comments?post=7162"}],"version-history":[{"count":1,"href":"https:\/\/agentelibredigital.com\/index.php\/wp-json\/wp\/v2\/pages\/7162\/revisions"}],"predecessor-version":[{"id":7163,"href":"https:\/\/agentelibredigital.com\/index.php\/wp-json\/wp\/v2\/pages\/7162\/revisions\/7163"}],"wp:featuredmedia":[{"embeddable":true,"href":"https:\/\/agentelibredigital.com\/index.php\/wp-json\/wp\/v2\/media\/7166"}],"wp:attachment":[{"href":"https:\/\/agentelibredigital.com\/index.php\/wp-json\/wp\/v2\/media?parent=7162"}],"curies":[{"name":"wp","href":"https:\/\/api.w.org\/{rel}","templated":true}]}}